what is 1 - -1790b?
17910
In base 7, what is 41011 + -162?
40516
In base 6, what is -352 + -50223?
-51015
In base 14, what is -bb67 + 1?
-bb66
In base 14, what is -81ad0 + 5?
-81ac9
In base 2, what is -100000000111 - 11000?
-100000011111
In base 2, what is -1010 + -110100101010?
-110100110100
In base 3, what is 101 + 110220?
111021
In base 13, what is -b9 - -55?
-64
In base 15, what is -75 - 8c?
-112
In base 3, what is -10100 - -111212120?
111202020
In base 14, what is -4 - ba8a?
-ba90
In base 6, what is 32 + -343321?
-343245
In base 3, what is 20101 + 111022?
201200
In base 14, what is -1b + -2b32?
-2b4d
In base 14, what is 8131 - 0?
8131
In base 13, what is 4c0 + c71?
1461
In base 11, what is 2 + -149696?
-149694
In base 7, what is -216516 + -1?
-216520
In base 7, what is 1 + 3620?
3621
In base 5, what is 4401011 - 3?
4401003
In base 9, what is 1070 + -51?
1018
In base 3, what is -120020 + 1111?
-111202
In base 4, what is 13000123223 + -10?
13000123213
In base 4, what is -1 - 32030231?
-32030232
In base 5, what is -11141 + -1?
-11142
In base 13, what is -980 + a?
-973
In base 7, what is 25 + 11650?
12005
In base 7, what is -2613306 + 3?
-2613303
In base 12, what is -1682 - 50?
-1712
In base 3, what is -120220011 - 20000?
-121010011
In base 8, what is -2736 + 464?
-2252
In base 2, what is 100110 + -1100100111?
-1100000001
In base 16, what is -22d - 0?
-22d
In base 14, what is -2 - 139d7?
-139d9
In base 15, what is -64 - -819?
7a5
In base 15, what is -25 - -832?
80c
In base 15, what is 3559 - -4?
355d
In base 14, what is -5a + -79b?
-817
In base 14, what is -147a + 143?
-1337
In base 10, what is -1883 - 124?
-2007
In base 3, what is 1000202202 + 122?
1000210101
In base 8, what is 747774 - -4?
750000
In base 13, what is -7 + 3c71?
3c67
In base 11, what is -19a7a - 36?
-1a005
In base 7, what is 1323551 + 4?
1323555
In base 3, what is 0 + 21010221120?
21010221120
In base 15, what is 5 - -271c2?
271c7
In base 2, what is 11010111000 - -10000001001?
101011000001
In base 10, what is 5122767 - -4?
5122771
In base 12, what is -9885 - -5?
-9880
In base 5, what is 414 - -14412?
20331
In base 7, what is -13100420 - 2?
-13100422
In base 2, what is 101 + 1110011101110?
1110011110011
In base 6, what is 0 + 44022?
44022
In base 5, what is -102413401 - 3?
-102413404
In base 11, what is 17905 + -1?
17904
In base 14, what is -354b - b2?
-361d
In base 6, what is -2 - 2434250?
-2434252
In base 15, what is 148a2 + -4?
1489d
In base 11, what is 4 + 156a7?
15700
In base 10, what is 1 - 65123?
-65122
In base 10, what is 1 + 34735?
34736
In base 14, what is -6 - 158c?
-1594
In base 12, what is -44614 + 1?
-44613
In base 9, what is -6074234 - -5?
-6074228
In base 2, what is 100011011100 + 1010101101?
101110001001
In base 5, what is 132201 - 13?
132133
In base 11, what is -85703 + 5?
-856a9
In base 13, what is 19 + -9a81?
-9a65
In base 8, what is 4 + 3031?
3035
In base 12, what is 2 + -7971a?
-79718
In base 15, what is -26 - -3848?
3822
In base 7, what is 3 + 2555112?
2555115
In base 11, what is 5 + -542?
-538
In base 15, what is 411dc + -4?
411d8
In base 8, what is 15 - -73752?
73767
In base 5, what is -4120 + 2220?
-1400
In base 10, what is 2 + -709951?
-709949
In base 9, what is 110542 + 3?
110545
In base 14, what is 4 + bd940?
bd944
In base 9, what is -274 - 2046?
-2331
In base 13, what is -1267 - 0?
-1267
In base 11, what is 193a71 - 3?
193a69
In base 10, what is -32490 - -2?
-32488
In base 13, what is -a87 + -1c1?
-c78
In base 12, what is -1300 - 119?
-1419
In base 16, what is -2a9 - -13?
-296
In base 11, what is 10 - -2828?
2838
In base 16, what is 4 + -674?
-670
In base 6, what is -2311 - -113?
-2154
In base 9, what is 104354 + -2?
104352
In base 11, what is 6a - 44a?
-390
In base 16, what is 4 - -13d2b?
13d2f
In base 3, what is -11 - -2022221110?
2022221022
In base 14, what is 605d11 - 3?
605d0c
In base 11, what is 75a - -3?
762
In base 12, what is -4b25 - 3?
-4b28
In base 3, what is -10 + 2221011121?
2221011111
In base 4, what is 1000312231 + 1?
1000312232
In base 6, what is -251045 - 0?
-251045
In base 10, what is 606 - 39?
567
In base 13, what is -3b7bb8 - -2?
-3b7bb6
In base 16, what is 4 + 30dab?
30daf
In base 5, what is 3 - 23433?
-23430
In base 11, what is -6 + -395?
-3a0
In base 16, what is -581 - -2a8?
-2d9
In base 10, what is 64045 - -4?
64049
In base 13, what is -184 + -2?
-186
In base 6, what is 435414 - 31?
435343
In base 15, what is 12 + 96d?
980
In base 7, what is 31445 - 20?
31425
In base 7, what is 102134 + 5?
102142
In base 8, what is 646 - 13262?
-12414
In base 7, what is 121530 - 0?
121530
In base 4, what is 2210 + -2001?
203
In base 7, what is -4 + -120200?
-120204
In base 13, what is -123 - 6?
-129
In base 4, what is 1011302 + -1302?
1010000
In base 6, what is -1500221 + 4?
-1500213
In base 7, what is -302556 - 5?
-302564
In base 6, what is 40552324 + 3?
40552331
In base 7, what is -1146405 - -2?
-1146403
In base 10, what is 6 - 2509?
-2503
In base 13, what is -25b09 - -2?
-25b07
In base 5, what is 3111 - 1022?
2034
In base 2, what is -100110011 + 1010?
-100101001
In base 16, what is d4 - -a89?
b5d
In base 4, what is 22312131331 - 1?
22312131330
In base 14, what is -4 + 781a?
7816
In base 9, what is 60 + 8365?
8435
In base 12, what is -2 - -3b3?
3b1
In base 4, what is -120200022 - -32?
-120133330
In base 11, what is -899 + 19?
-880
In base 2, what is -1110011000 + -1010101?
-1111101101
In base 11, what is -5 + -33921?
-33926
In base 6, what is 5433 - -45?
5522
In base 2, what is -101 - -10001101001011101?
10001101001011000
In base 16, what is 2 - 8583?
-8581
In base 12, what is 6 - -9577?
9581
In base 11, what is -48 + -275?
-312
In base 15, what is -1 + 8dca?
8dc9
In base 6, what is -1115241 - -3?
-1115234
In base 5, what is 10 - 20424103?
-20424043
In base 11, what is 0 + -11a774?
-11a774
In base 4, what is 21 + 2201301?
2201322
In base 3, what is 20200001 + -10?
20122221
In base 11, what is -438 + -98?
-525
In base 5, what is 30112 - -1030?
31142
In base 11, what is -2618 - -600?
-2018
In base 15, what is 14 + -13b?
-127
In base 3, what is -1 + 1002102012?
1002102011
In base 14, what is a079 - -2?
a07b
In base 2, what is -10001100000001111001 + -1?
-10001100000001111010
In base 8, what is -4 + 232104?
232100
In base 15, what is 113 - -a?
11d
In base 14, what is -37cb6 + -2?
-37cb8
In base 16, what is -8670 - 20?
-8690
In base 3, what is -2011221 + -11?
-2012002
In base 16, what is 8 + -6955?
-694d
In base 14, what is 3bc + -a?
3b2
In base 6, what is -1323502 + -1?
-1323503
In base 16, what is 16 - 2af5?
-2adf
In base 8, what is 0 - 1547632?
-1547632
In base 8, what is -23200160 - -3?
-23200155
In base 13, what is 1 + 17a5a?
17a5b
In base 12, what is 1 + -193a?
-1939
In base 4, what is -32 + -10323?
-11021
In base 11, what is -4aa495 + -1?
-4aa496
In base 13, what is 6297 + -7?
6290
In base 13, what is -3 + -241c?
-2422
In base 3, what is 11012 - 202222?
-121210
In base 16, what is -d8c + 82?
-d0a
In base 8, what is 71 - -124011?
124102
In base 16, what is -d3 - -151?
7e
In base 10, what is 6674 + -4?
6670
In base 6, what is 10 + -133452?
-133442
In base 16, what is -1 - 1391a5?
-1391a6
In base 10, what is -1 - -117596?
117595
In base 9, what is 60851 + 11?
60862
In base 9, what is -3545 - -2045?
-1500
In base 6, what is 10033 + -530?
5103
In base 13, what is 85b + -372?
4b9
In base 16, what is ec4 - -ea?
fae
In base 8, what is 23 + -5742?
-5717
In base 12, what is -2 + -4b3b?
-4b41
In base 16, what is 109a + 0?
109a
In base 2, what is -100 - -1011100011010011?
1011100011001111
In base 11, what is -55 + -2015?
-206a
In base 3, what is -222122012 + 12102?
-222102210
In base 6, what is -143345 + -54?
-143443
In base 9, what is 358877 - 3?
358874
In base 9, what is -130 + -306?
-436
In base 12, what is 31776 + 39?
317b3
In base 3, what is 0 - 1100022110012?
-1100022110012
In base 14, what is -463 + 9?
-458
In base 3, what is 12 + -1202210101?
-1202210012
In base 9, what is 60876 + 1?
60877
In base 2, what is -1111011 - -10111010101?
10101011010
In base 9, what is -207 + -74?
-282
In base 8, what is 2 + 20052?
20054
In base 3, what is -111 - -2101102001?
2101101120
In base 10, what is 93800 + 2?
93802
In base 9, what is 113 + -146?
-33
I